{"id":2652,"date":"2021-11-21T12:37:04","date_gmt":"2021-11-21T12:37:04","guid":{"rendered":"https:\/\/www.kunstteatar.hr\/project\/the-good-the-bad-and-the-dead\/"},"modified":"2023-11-15T13:50:31","modified_gmt":"2023-11-15T13:50:31","slug":"the-good-the-bad-and-the-dead","status":"publish","type":"project","link":"https:\/\/www.kunstteatar.hr\/en\/project\/the-good-the-bad-and-the-dead\/","title":{"rendered":"The Good, the Bad and the Dead"},"content":{"rendered":"<p>[et_pb_section fb_built=&#8221;1&#8243; _builder_version=&#8221;4.11.4&#8243; _module_preset=&#8221;default&#8221; global_colors_info=&#8221;{}&#8221; theme_builder_area=&#8221;post_content&#8221;][et_pb_row use_custom_gutter=&#8221;on&#8221; gutter_width=&#8221;2&#8243; _builder_version=&#8221;4.11.4&#8243; _module_preset=&#8221;default&#8221; custom_margin=&#8221;||10%||false|false&#8221; global_colors_info=&#8221;{}&#8221; theme_builder_area=&#8221;post_content&#8221;][et_pb_column type=&#8221;4_4&#8243; _builder_version=&#8221;4.11.4&#8243; _module_preset=&#8221;default&#8221; global_colors_info=&#8221;{}&#8221; theme_builder_area=&#8221;post_content&#8221;][et_pb_post_title meta=&#8221;off&#8221; featured_image=&#8221;off&#8221; _builder_version=&#8221;4.11.4&#8243; _module_preset=&#8221;default&#8221; global_colors_info=&#8221;{}&#8221; theme_builder_area=&#8221;post_content&#8221;][\/et_pb_post_title][\/et_pb_column][\/et_pb_row][et_pb_row column_structure=&#8221;1_3,1_3,1_3&#8243; use_custom_gutter=&#8221;on&#8221; gutter_width=&#8221;2&#8243; _builder_version=&#8221;4.11.4&#8243; _module_preset=&#8221;default&#8221; custom_padding=&#8221;0px|||||&#8221; global_colors_info=&#8221;{}&#8221; theme_builder_area=&#8221;post_content&#8221;][et_pb_column type=&#8221;1_3&#8243; _builder_version=&#8221;4.11.4&#8243; _module_preset=&#8221;default&#8221; global_colors_info=&#8221;{}&#8221; theme_builder_area=&#8221;post_content&#8221;][et_pb_text _builder_version=&#8221;4.13.1&#8243; _module_preset=&#8221;default&#8221; custom_margin=&#8221;5px||||false|false&#8221; global_colors_info=&#8221;{}&#8221; theme_builder_area=&#8221;post_content&#8221;]<\/p>\n<p><span style=\"font-weight: 400;\">The satirical play The Good, the Bad and the Dead, directed by Ivan Planini\u0107, in which an Angel and the Devil, who are on a mission, follow Dubravko Ili\u0107, who is about to die, deals with the question of predestination. The play is based on the motifs of the text &#8220;Dubravko Ili\u0107&#8221; by Pavle Vrkljan in collaboration with the young playwrights Nikolina Bogdanovi\u0107, Ivan Penovi\u0107, Luka Vla\u0161i\u0107 and Ivan Vukovi\u0107. <\/span><\/p>\n<p><span style=\"font-weight: 400;\">The play was co-produced by the KUFER Theater Company and KunstTeatar with the support of the Ministry of Culture and the City Office for Culture of the City of Zagreb.<\/span><\/p>\n<p>[\/et_pb_text][\/et_pb_column][et_pb_column type=&#8221;1_3&#8243; _builder_version=&#8221;4.11.4&#8243; _module_preset=&#8221;default&#8221; global_colors_info=&#8221;{}&#8221; theme_builder_area=&#8221;post_content&#8221;][et_pb_text _builder_version=&#8221;4.13.1&#8243; _module_preset=&#8221;default&#8221; custom_margin=&#8221;5px||||false|false&#8221; global_colors_info=&#8221;{}&#8221; theme_builder_area=&#8221;post_content&#8221;]<\/p>\n<h6><span style=\"font-weight: 400;\">director:<\/span><\/h6>\n<h5><span style=\"font-weight: 400;\">Ivan Planini\u0107<\/span><\/h5>\n<h5><span style=\"font-weight: 400;\">based on motifs of the text &#8220;Dubravko Ili\u0107&#8221; by Pavle Vrkljan <\/span><\/h5>\n<h6><span style=\"font-weight: 400;\">dramaturges:<\/span><\/h6>\n<h5><span style=\"font-weight: 400;\">Nikolina Bogdanovi\u0107, Luka Vla\u0161i\u0107, Ivana Vukovi\u0107<\/span><\/h5>\n<h6><span style=\"font-weight: 400;\">performance dramaturges:<\/span><\/h6>\n<h5><span style=\"font-weight: 400;\">Ivan Penovi\u0107 <\/span><\/h5>\n<h6><span style=\"font-weight: 400;\">cast:<\/span><\/h6>\n<h5><span style=\"font-weight: 400;\">Matija \u010cigir, Domagoj Jankovi\u0107, Nik\u0161a Marinovi\u0107, Pavle Vrkljan<\/span><\/h5>\n<h6><span style=\"font-weight: 400;\">stage designer and costume designer:<\/span><\/h6>\n<h5><span style=\"font-weight: 400;\">Katarina Peri\u0107<\/span><\/h5>\n<h6><span style=\"font-weight: 400;\">assistant costume designer:<\/span><\/h6>\n<h5><span style=\"font-weight: 400;\">Dorotea \u010ci\u010dek Kova\u010devi\u0107 <\/span><\/h5>\n<h6><span style=\"font-weight: 400;\">assistant stage designer:<\/span><\/h6>\n<h5><span style=\"font-weight: 400;\">Jakov Habjan <\/span><\/h5>\n<h6><span style=\"font-weight: 400;\">music:<\/span><\/h6>\n<h5><span style=\"font-weight: 400;\">Nik\u0161a Marinovi\u0107 <\/span><\/h5>\n<h6><span style=\"font-weight: 400;\">sound designer:<\/span><\/h6>\n<h5><span style=\"font-weight: 400;\">Luka Gamulin<\/span><\/h5>\n<h6><span style=\"font-weight: 400;\">light designer:<\/span><\/h6>\n<h5><span style=\"font-weight: 400;\">Alen Marin <\/span><\/h5>\n<h6><span style=\"font-weight: 400;\">producer:<\/span><\/h6>\n<h5><span style=\"font-weight: 400;\">Romana Braj\u0161a <\/span><\/h5>\n<h6><span style=\"font-weight: 400;\">designers:<\/span><\/h6>\n<h5><span style=\"font-weight: 400;\">Pavao Kuhari\u0107 i Katarina Peri\u0107 <\/span><\/h5>\n<h6><span style=\"font-weight: 400;\">photographer:<\/span><\/h6>\n<h5><span style=\"font-weight: 400;\">Karla Juri\u0107 <\/span><\/h5>\n<h6><span style=\"font-weight: 400;\">production:<\/span><\/h6>\n<h5><span style=\"font-weight: 400;\">KUFER Theater Company and KunstTeatar <\/span><\/h5>\n<h6><span style=\"font-weight: 400;\">premiere:<\/span><\/h6>\n<h5><span style=\"font-weight: 400;\">December 21, 2018 <\/span><\/h5>\n<p><span style=\"font-weight: 400;\"><\/span><\/p>\n<p><span style=\"font-weight: 400;\">duration: 90 min<\/span><\/p>\n<p><span style=\"font-weight: 400;\">The play was performed at festivals in Zadar, Koprivnica and Dubrovnik. <\/span><\/p>\n<p>[\/et_pb_text][\/et_pb_column][et_pb_column type=&#8221;1_3&#8243; _builder_version=&#8221;4.11.4&#8243; _module_preset=&#8221;default&#8221; global_colors_info=&#8221;{}&#8221; theme_builder_area=&#8221;post_content&#8221;][et_pb_video src=&#8221;https:\/\/youtu.be\/CpyZOsSD82Y&#8221; _builder_version=&#8221;4.13.1&#8243; _module_preset=&#8221;default&#8221; global_colors_info=&#8221;{}&#8221; theme_builder_area=&#8221;post_content&#8221;][\/et_pb_video][et_pb_gallery gallery_ids=&#8221;715,716,717,718,719,720,721,722,723,724,725,726,727,728,729,730,731,732,733,734&#8243; posts_number=&#8221;20&#8243; show_title_and_caption=&#8221;off&#8221; show_pagination=&#8221;off&#8221; _builder_version=&#8221;4.13.1&#8243; _module_preset=&#8221;default&#8221; hover_enabled=&#8221;0&#8243; global_colors_info=&#8221;{}&#8221; theme_builder_area=&#8221;post_content&#8221; sticky_enabled=&#8221;0&#8243;][\/et_pb_gallery][\/et_pb_column][\/et_pb_row][\/et_pb_section]<\/p>\n","protected":false},"excerpt":{"rendered":"<p>The satirical play The Good, the Bad and the Dead, directed by Ivan Planini\u0107, in which an Angel and the Devil, who are on a mission, follow Dubravko Ili\u0107, who is about to die, deals with the question of predestination. The play is based on the motifs of the text &#8220;Dubravko Ili\u0107&#8221; by Pavle Vrkljan [&hellip;]<\/p>\n","protected":false},"author":1,"featured_media":0,"comment_status":"open","ping_status":"closed","template":"","meta":{"_et_pb_use_builder":"on","_et_pb_old_content":"","_et_gb_content_width":"","footnotes":""},"project_category":[],"project_tag":[],"class_list":["post-2652","project","type-project","status-publish","hentry"],"_links":{"self":[{"href":"https:\/\/www.kunstteatar.hr\/en\/wp-json\/wp\/v2\/project\/2652","targetHints":{"allow":["GET"]}}],"collection":[{"href":"https:\/\/www.kunstteatar.hr\/en\/wp-json\/wp\/v2\/project"}],"about":[{"href":"https:\/\/www.kunstteatar.hr\/en\/wp-json\/wp\/v2\/types\/project"}],"author":[{"embeddable":true,"href":"https:\/\/www.kunstteatar.hr\/en\/wp-json\/wp\/v2\/users\/1"}],"replies":[{"embeddable":true,"href":"https:\/\/www.kunstteatar.hr\/en\/wp-json\/wp\/v2\/comments?post=2652"}],"version-history":[{"count":2,"href":"https:\/\/www.kunstteatar.hr\/en\/wp-json\/wp\/v2\/project\/2652\/revisions"}],"predecessor-version":[{"id":2654,"href":"https:\/\/www.kunstteatar.hr\/en\/wp-json\/wp\/v2\/project\/2652\/revisions\/2654"}],"wp:attachment":[{"href":"https:\/\/www.kunstteatar.hr\/en\/wp-json\/wp\/v2\/media?parent=2652"}],"wp:term":[{"taxonomy":"project_category","embeddable":true,"href":"https:\/\/www.kunstteatar.hr\/en\/wp-json\/wp\/v2\/project_category?post=2652"},{"taxonomy":"project_tag","embeddable":true,"href":"https:\/\/www.kunstteatar.hr\/en\/wp-json\/wp\/v2\/project_tag?post=2652"}],"curies":[{"name":"wp","href":"https:\/\/api.w.org\/{rel}","templated":true}]}}

<p>[et_pb_section fb_built=&#8221;1&#8243; _builder_version=&#8221;4.11.4&#8243; _module_preset=&#8221;default&#8221; global_colors_info=&#8221;{}&#8221; theme_builder_area=&#8221;post_content&#8221;][et_pb_row use_custom_gutter=&#8221;on&#8221; gutter_width=&#8221;2&#8243; _builder_version=&#8221;4.11.4&#8243; _module_preset=&#8221;default&#8221; custom_margin=&#8221;||10%||false|false&#8221; global_colors_info=&#8221;{}&#8221; theme_builder_area=&#8221;post_content&#8221;][et_pb_column type=&#8221;4_4&#8243; _builder_version=&#8221;4.11.4&#8243; _module_preset=&#8221;default&#8221; global_colors_info=&#8221;{}&#8221; theme_builder_area=&#8221;post_content&#8221;][et_pb_post_title meta=&#8221;off&#8221; featured_image=&#8221;off&#8221; _builder_version=&#8221;4.11.4&#8243; _module_preset=&#8221;default&#8221; global_colors_info=&#8221;{}&#8221; theme_builder_area=&#8221;post_content&#8221;][/et_pb_post_title][/et_pb_column][/et_pb_row][et_pb_row column_structure=&#8221;1_3,1_3,1_3&#8243; use_custom_gutter=&#8221;on&#8221; gutter_width=&#8221;2&#8243; _builder_version=&#8221;4.11.4&#8243; _module_preset=&#8221;default&#8221; custom_padding=&#8221;0px|||||&#8221; global_colors_info=&#8221;{}&#8221; theme_builder_area=&#8221;post_content&#8221;][et_pb_column type=&#8221;1_3&#8243; _builder_version=&#8221;4.11.4&#8243; _module_preset=&#8221;default&#8221; global_colors_info=&#8221;{}&#8221; theme_builder_area=&#8221;post_content&#8221;][et_pb_text _builder_version=&#8221;4.13.1&#8243; _module_preset=&#8221;default&#8221; custom_margin=&#8221;5px||||false|false&#8221; global_colors_info=&#8221;{}&#8221; theme_builder_area=&#8221;post_content&#8221;]</p>
<p><span style="font-weight: 400;">The satirical play The Good, the Bad and the Dead, directed by Ivan Planinić, in which an Angel and the Devil, who are on a mission, follow Dubravko Ilić, who is about to die, deals with the question of predestination. The play is based on the motifs of the text &#8220;Dubravko Ilić&#8221; by Pavle Vrkljan in collaboration with the young playwrights Nikolina Bogdanović, Ivan Penović, Luka Vlašić and Ivan Vuković. </span></p>
<p><span style="font-weight: 400;">The play was co-produced by the KUFER Theater Company and KunstTeatar with the support of the Ministry of Culture and the City Office for Culture of the City of Zagreb.</span></p>
<p>[/et_pb_text][/et_pb_column][et_pb_column type=&#8221;1_3&#8243; _builder_version=&#8221;4.11.4&#8243; _module_preset=&#8221;default&#8221; global_colors_info=&#8221;{}&#8221; theme_builder_area=&#8221;post_content&#8221;][et_pb_text _builder_version=&#8221;4.13.1&#8243; _module_preset=&#8221;default&#8221; custom_margin=&#8221;5px||||false|false&#8221; global_colors_info=&#8221;{}&#8221; theme_builder_area=&#8221;post_content&#8221;]</p>
<h6><span style="font-weight: 400;">director:</span></h6>
<h5><span style="font-weight: 400;">Ivan Planinić</span></h5>
<h5><span style="font-weight: 400;">based on motifs of the text &#8220;Dubravko Ilić&#8221; by Pavle Vrkljan </span></h5>
<h6><span style="font-weight: 400;">dramaturges:</span></h6>
<h5><span style="font-weight: 400;">Nikolina Bogdanović, Luka Vlašić, Ivana Vuković</span></h5>
<h6><span style="font-weight: 400;">performance dramaturges:</span></h6>
<h5><span style="font-weight: 400;">Ivan Penović </span></h5>
<h6><span style="font-weight: 400;">cast:</span></h6>
<h5><span style="font-weight: 400;">Matija Čigir, Domagoj Janković, Nikša Marinović, Pavle Vrkljan</span></h5>
<h6><span style="font-weight: 400;">stage designer and costume designer:</span></h6>
<h5><span style="font-weight: 400;">Katarina Perić</span></h5>
<h6><span style="font-weight: 400;">assistant costume designer:</span></h6>
<h5><span style="font-weight: 400;">Dorotea Čiček Kovačević </span></h5>
<h6><span style="font-weight: 400;">assistant stage designer:</span></h6>
<h5><span style="font-weight: 400;">Jakov Habjan </span></h5>
<h6><span style="font-weight: 400;">music:</span></h6>
<h5><span style="font-weight: 400;">Nikša Marinović </span></h5>
<h6><span style="font-weight: 400;">sound designer:</span></h6>
<h5><span style="font-weight: 400;">Luka Gamulin</span></h5>
<h6><span style="font-weight: 400;">light designer:</span></h6>
<h5><span style="font-weight: 400;">Alen Marin </span></h5>
<h6><span style="font-weight: 400;">producer:</span></h6>
<h5><span style="font-weight: 400;">Romana Brajša </span></h5>
<h6><span style="font-weight: 400;">designers:</span></h6>
<h5><span style="font-weight: 400;">Pavao Kuharić i Katarina Perić </span></h5>
<h6><span style="font-weight: 400;">photographer:</span></h6>
<h5><span style="font-weight: 400;">Karla Jurić </span></h5>
<h6><span style="font-weight: 400;">production:</span></h6>
<h5><span style="font-weight: 400;">KUFER Theater Company and KunstTeatar </span></h5>
<h6><span style="font-weight: 400;">premiere:</span></h6>
<h5><span style="font-weight: 400;">December 21, 2018 </span></h5>
<p><span style="font-weight: 400;"></span></p>
<p><span style="font-weight: 400;">duration: 90 min</span></p>
<p><span style="font-weight: 400;">The play was performed at festivals in Zadar, Koprivnica and Dubrovnik. </span></p>
<p>[/et_pb_text][/et_pb_column][et_pb_column type=&#8221;1_3&#8243; _builder_version=&#8221;4.11.4&#8243; _module_preset=&#8221;default&#8221; global_colors_info=&#8221;{}&#8221; theme_builder_area=&#8221;post_content&#8221;][et_pb_video src=&#8221;https://youtu.be/CpyZOsSD82Y&#8221; _builder_version=&#8221;4.13.1&#8243; _module_preset=&#8221;default&#8221; global_colors_info=&#8221;{}&#8221; theme_builder_area=&#8221;post_content&#8221;][/et_pb_video][et_pb_gallery gallery_ids=&#8221;715,716,717,718,719,720,721,722,723,724,725,726,727,728,729,730,731,732,733,734&#8243; posts_number=&#8221;20&#8243; show_title_and_caption=&#8221;off&#8221; show_pagination=&#8221;off&#8221; _builder_version=&#8221;4.13.1&#8243; _module_preset=&#8221;default&#8221; hover_enabled=&#8221;0&#8243; global_colors_info=&#8221;{}&#8221; theme_builder_area=&#8221;post_content&#8221; sticky_enabled=&#8221;0&#8243;][/et_pb_gallery][/et_pb_column][/et_pb_row][/et_pb_section]</p>

<p>The satirical play The Good, the Bad and the Dead, directed by Ivan Planinić, in which an Angel and the Devil, who are on a mission, follow Dubravko Ilić, who is about to die, deals with the question of predestination. The play is based on the motifs of the text &#8220;Dubravko Ilić&#8221; by Pavle Vrkljan [&hellip;]</p>
