{"id":2661,"date":"2021-11-22T16:43:23","date_gmt":"2021-11-22T16:43:23","guid":{"rendered":"https:\/\/www.kunstteatar.hr\/project\/death-at-the-discotheque\/"},"modified":"2023-11-15T14:13:47","modified_gmt":"2023-11-15T14:13:47","slug":"death-at-the-discotheque","status":"publish","type":"project","link":"https:\/\/www.kunstteatar.hr\/en\/project\/death-at-the-discotheque\/","title":{"rendered":"Death at the Discotheque"},"content":{"rendered":"<p>[et_pb_section fb_built=&#8221;1&#8243; _builder_version=&#8221;4.11.4&#8243; _module_preset=&#8221;default&#8221; global_colors_info=&#8221;{}&#8221; theme_builder_area=&#8221;et_body_layout&#8221;][et_pb_row use_custom_gutter=&#8221;on&#8221; gutter_width=&#8221;2&#8243; _builder_version=&#8221;4.11.4&#8243; _module_preset=&#8221;default&#8221; custom_margin=&#8221;||10%||false|false&#8221; global_colors_info=&#8221;{}&#8221; theme_builder_area=&#8221;et_body_layout&#8221;][et_pb_column type=&#8221;4_4&#8243; _builder_version=&#8221;4.11.4&#8243; _module_preset=&#8221;default&#8221; global_colors_info=&#8221;{}&#8221; theme_builder_area=&#8221;et_body_layout&#8221;][et_pb_post_title meta=&#8221;off&#8221; featured_image=&#8221;off&#8221; _builder_version=&#8221;4.11.4&#8243; _module_preset=&#8221;default&#8221; global_colors_info=&#8221;{}&#8221; theme_builder_area=&#8221;et_body_layout&#8221;][\/et_pb_post_title][\/et_pb_column][\/et_pb_row][et_pb_row column_structure=&#8221;1_3,1_3,1_3&#8243; use_custom_gutter=&#8221;on&#8221; gutter_width=&#8221;2&#8243; _builder_version=&#8221;4.11.4&#8243; _module_preset=&#8221;default&#8221; custom_padding=&#8221;0px|||||&#8221; global_colors_info=&#8221;{}&#8221; theme_builder_area=&#8221;et_body_layout&#8221;][et_pb_column type=&#8221;1_3&#8243; _builder_version=&#8221;4.11.4&#8243; _module_preset=&#8221;default&#8221; global_colors_info=&#8221;{}&#8221; theme_builder_area=&#8221;et_body_layout&#8221;][et_pb_text _builder_version=&#8221;4.13.1&#8243; _module_preset=&#8221;default&#8221; custom_margin=&#8221;5px||||false|false&#8221; hover_enabled=&#8221;0&#8243; global_colors_info=&#8221;{}&#8221; theme_builder_area=&#8221;et_body_layout&#8221; sticky_enabled=&#8221;0&#8243;]<\/p>\n<p><span style=\"font-weight: 400;\">The play was co-produced by the KUFER Theater Company and KunstTeatar with the support of the Ministry of Culture. <\/span><\/p>\n<p>[\/et_pb_text][\/et_pb_column][et_pb_column type=&#8221;1_3&#8243; _builder_version=&#8221;4.11.4&#8243; _module_preset=&#8221;default&#8221; global_colors_info=&#8221;{}&#8221; theme_builder_area=&#8221;et_body_layout&#8221;][et_pb_text _builder_version=&#8221;4.13.1&#8243; _module_preset=&#8221;default&#8221; custom_margin=&#8221;5px||||false|false&#8221; hover_enabled=&#8221;0&#8243; global_colors_info=&#8221;{}&#8221; theme_builder_area=&#8221;et_body_layout&#8221; sticky_enabled=&#8221;0&#8243;]<\/p>\n<h6><span style=\"font-weight: 400;\">director:<\/span><\/h6>\n<h5><span style=\"font-weight: 400;\">Aleksandar \u0160vabi\u0107<\/span><\/h5>\n<h6><span style=\"font-weight: 400;\">cast:<\/span><\/h6>\n<h5><span style=\"font-weight: 400;\">Domagoj Jankovi\u0107 and Nata\u0161a Kope\u010d <\/span><\/h5>\n<h6><span style=\"font-weight: 400;\">music used:<\/span><\/h6>\n<h5><span style=\"font-weight: 400;\">Das Univerzitas <\/span><\/h5>\n<h6><span style=\"font-weight: 400;\">light designers:<\/span><\/h6>\n<h5><span style=\"font-weight: 400;\">Alen Marin <\/span><\/h5>\n<h6><span style=\"font-weight: 400;\">producer:<\/span><\/h6>\n<h5><span style=\"font-weight: 400;\">Romana Braj\u0161a <\/span><\/h5>\n<h6><span style=\"font-weight: 400;\">production assistants:<\/span><\/h6>\n<h5><span style=\"font-weight: 400;\">Laura Pribani\u0107 and Hana Zrn\u010di\u0107 Dim <\/span><\/h5>\n<h6><span style=\"font-weight: 400;\">designer:<\/span><\/h6>\n<h5><span style=\"font-weight: 400;\">Pavao Kuhari\u0107<\/span><\/h5>\n<h6><span style=\"font-weight: 400;\">photographer:<\/span><\/h6>\n<h5><span style=\"font-weight: 400;\">Karla Juri\u0107 <\/span><\/h5>\n<h6><span style=\"font-weight: 400;\">production:<\/span><\/h6>\n<h5><span style=\"font-weight: 400;\">KUFER Theater Company and KunstTeatar <\/span><\/h5>\n<h6><span style=\"font-weight: 400;\">premiere:<\/span><\/h6>\n<h5><span style=\"font-weight: 400;\">October 30, 2019, KunstTeatar<\/span><\/h5>\n<h6><span style=\"font-weight: 400;\">duration:<\/span><\/h6>\n<h5><span style=\"font-weight: 400;\">70 min <\/span><\/h5>\n<p>[\/et_pb_text][\/et_pb_column][et_pb_column type=&#8221;1_3&#8243; _builder_version=&#8221;4.11.4&#8243; _module_preset=&#8221;default&#8221; global_colors_info=&#8221;{}&#8221; theme_builder_area=&#8221;et_body_layout&#8221;][et_pb_gallery posts_number=&#8221;20&#8243; show_title_and_caption=&#8221;off&#8221; show_pagination=&#8221;off&#8221; _builder_version=&#8221;4.13.1&#8243; _module_preset=&#8221;default&#8221; hover_enabled=&#8221;0&#8243; global_colors_info=&#8221;{}&#8221; theme_builder_area=&#8221;et_body_layout&#8221; gallery_ids=&#8221;793,794,795,796,797,798,799,800,801,802,803&#8243; sticky_enabled=&#8221;0&#8243;][\/et_pb_gallery][\/et_pb_column][\/et_pb_row][\/et_pb_section]<\/p>\n","protected":false},"excerpt":{"rendered":"<p>The play was co-produced by the KUFER Theater Company and KunstTeatar with the support of the Ministry of Culture. director: Aleksandar \u0160vabi\u0107 cast: Domagoj Jankovi\u0107 and Nata\u0161a Kope\u010d music used: Das Univerzitas light designers: Alen Marin producer: Romana Braj\u0161a production assistants: Laura Pribani\u0107 and Hana Zrn\u010di\u0107 Dim designer: Pavao Kuhari\u0107 photographer: Karla Juri\u0107 production: KUFER [&hellip;]<\/p>\n","protected":false},"author":1,"featured_media":0,"comment_status":"open","ping_status":"closed","template":"","meta":{"_et_pb_use_builder":"on","_et_pb_old_content":"","_et_gb_content_width":"","footnotes":""},"project_category":[],"project_tag":[],"class_list":["post-2661","project","type-project","status-publish","hentry"],"_links":{"self":[{"href":"https:\/\/www.kunstteatar.hr\/en\/wp-json\/wp\/v2\/project\/2661","targetHints":{"allow":["GET"]}}],"collection":[{"href":"https:\/\/www.kunstteatar.hr\/en\/wp-json\/wp\/v2\/project"}],"about":[{"href":"https:\/\/www.kunstteatar.hr\/en\/wp-json\/wp\/v2\/types\/project"}],"author":[{"embeddable":true,"href":"https:\/\/www.kunstteatar.hr\/en\/wp-json\/wp\/v2\/users\/1"}],"replies":[{"embeddable":true,"href":"https:\/\/www.kunstteatar.hr\/en\/wp-json\/wp\/v2\/comments?post=2661"}],"version-history":[{"count":2,"href":"https:\/\/www.kunstteatar.hr\/en\/wp-json\/wp\/v2\/project\/2661\/revisions"}],"predecessor-version":[{"id":2663,"href":"https:\/\/www.kunstteatar.hr\/en\/wp-json\/wp\/v2\/project\/2661\/revisions\/2663"}],"wp:attachment":[{"href":"https:\/\/www.kunstteatar.hr\/en\/wp-json\/wp\/v2\/media?parent=2661"}],"wp:term":[{"taxonomy":"project_category","embeddable":true,"href":"https:\/\/www.kunstteatar.hr\/en\/wp-json\/wp\/v2\/project_category?post=2661"},{"taxonomy":"project_tag","embeddable":true,"href":"https:\/\/www.kunstteatar.hr\/en\/wp-json\/wp\/v2\/project_tag?post=2661"}],"curies":[{"name":"wp","href":"https:\/\/api.w.org\/{rel}","templated":true}]}}

<p>[et_pb_section fb_built=&#8221;1&#8243; _builder_version=&#8221;4.11.4&#8243; _module_preset=&#8221;default&#8221; global_colors_info=&#8221;{}&#8221; theme_builder_area=&#8221;et_body_layout&#8221;][et_pb_row use_custom_gutter=&#8221;on&#8221; gutter_width=&#8221;2&#8243; _builder_version=&#8221;4.11.4&#8243; _module_preset=&#8221;default&#8221; custom_margin=&#8221;||10%||false|false&#8221; global_colors_info=&#8221;{}&#8221; theme_builder_area=&#8221;et_body_layout&#8221;][et_pb_column type=&#8221;4_4&#8243; _builder_version=&#8221;4.11.4&#8243; _module_preset=&#8221;default&#8221; global_colors_info=&#8221;{}&#8221; theme_builder_area=&#8221;et_body_layout&#8221;][et_pb_post_title meta=&#8221;off&#8221; featured_image=&#8221;off&#8221; _builder_version=&#8221;4.11.4&#8243; _module_preset=&#8221;default&#8221; global_colors_info=&#8221;{}&#8221; theme_builder_area=&#8221;et_body_layout&#8221;][/et_pb_post_title][/et_pb_column][/et_pb_row][et_pb_row column_structure=&#8221;1_3,1_3,1_3&#8243; use_custom_gutter=&#8221;on&#8221; gutter_width=&#8221;2&#8243; _builder_version=&#8221;4.11.4&#8243; _module_preset=&#8221;default&#8221; custom_padding=&#8221;0px|||||&#8221; global_colors_info=&#8221;{}&#8221; theme_builder_area=&#8221;et_body_layout&#8221;][et_pb_column type=&#8221;1_3&#8243; _builder_version=&#8221;4.11.4&#8243; _module_preset=&#8221;default&#8221; global_colors_info=&#8221;{}&#8221; theme_builder_area=&#8221;et_body_layout&#8221;][et_pb_text _builder_version=&#8221;4.13.1&#8243; _module_preset=&#8221;default&#8221; custom_margin=&#8221;5px||||false|false&#8221; hover_enabled=&#8221;0&#8243; global_colors_info=&#8221;{}&#8221; theme_builder_area=&#8221;et_body_layout&#8221; sticky_enabled=&#8221;0&#8243;]</p>
<p><span style="font-weight: 400;">The play was co-produced by the KUFER Theater Company and KunstTeatar with the support of the Ministry of Culture. </span></p>
<p>[/et_pb_text][/et_pb_column][et_pb_column type=&#8221;1_3&#8243; _builder_version=&#8221;4.11.4&#8243; _module_preset=&#8221;default&#8221; global_colors_info=&#8221;{}&#8221; theme_builder_area=&#8221;et_body_layout&#8221;][et_pb_text _builder_version=&#8221;4.13.1&#8243; _module_preset=&#8221;default&#8221; custom_margin=&#8221;5px||||false|false&#8221; hover_enabled=&#8221;0&#8243; global_colors_info=&#8221;{}&#8221; theme_builder_area=&#8221;et_body_layout&#8221; sticky_enabled=&#8221;0&#8243;]</p>
<h6><span style="font-weight: 400;">director:</span></h6>
<h5><span style="font-weight: 400;">Aleksandar Švabić</span></h5>
<h6><span style="font-weight: 400;">cast:</span></h6>
<h5><span style="font-weight: 400;">Domagoj Janković and Nataša Kopeč </span></h5>
<h6><span style="font-weight: 400;">music used:</span></h6>
<h5><span style="font-weight: 400;">Das Univerzitas </span></h5>
<h6><span style="font-weight: 400;">light designers:</span></h6>
<h5><span style="font-weight: 400;">Alen Marin </span></h5>
<h6><span style="font-weight: 400;">producer:</span></h6>
<h5><span style="font-weight: 400;">Romana Brajša </span></h5>
<h6><span style="font-weight: 400;">production assistants:</span></h6>
<h5><span style="font-weight: 400;">Laura Pribanić and Hana Zrnčić Dim </span></h5>
<h6><span style="font-weight: 400;">designer:</span></h6>
<h5><span style="font-weight: 400;">Pavao Kuharić</span></h5>
<h6><span style="font-weight: 400;">photographer:</span></h6>
<h5><span style="font-weight: 400;">Karla Jurić </span></h5>
<h6><span style="font-weight: 400;">production:</span></h6>
<h5><span style="font-weight: 400;">KUFER Theater Company and KunstTeatar </span></h5>
<h6><span style="font-weight: 400;">premiere:</span></h6>
<h5><span style="font-weight: 400;">October 30, 2019, KunstTeatar</span></h5>
<h6><span style="font-weight: 400;">duration:</span></h6>
<h5><span style="font-weight: 400;">70 min </span></h5>
<p>[/et_pb_text][/et_pb_column][et_pb_column type=&#8221;1_3&#8243; _builder_version=&#8221;4.11.4&#8243; _module_preset=&#8221;default&#8221; global_colors_info=&#8221;{}&#8221; theme_builder_area=&#8221;et_body_layout&#8221;][et_pb_gallery posts_number=&#8221;20&#8243; show_title_and_caption=&#8221;off&#8221; show_pagination=&#8221;off&#8221; _builder_version=&#8221;4.13.1&#8243; _module_preset=&#8221;default&#8221; hover_enabled=&#8221;0&#8243; global_colors_info=&#8221;{}&#8221; theme_builder_area=&#8221;et_body_layout&#8221; gallery_ids=&#8221;793,794,795,796,797,798,799,800,801,802,803&#8243; sticky_enabled=&#8221;0&#8243;][/et_pb_gallery][/et_pb_column][/et_pb_row][/et_pb_section]</p>

<p>The play was co-produced by the KUFER Theater Company and KunstTeatar with the support of the Ministry of Culture. director: Aleksandar Švabić cast: Domagoj Janković and Nataša Kopeč music used: Das Univerzitas light designers: Alen Marin producer: Romana Brajša production assistants: Laura Pribanić and Hana Zrnčić Dim designer: Pavao Kuharić photographer: Karla Jurić production: KUFER [&hellip;]</p>
