{"id":2682,"date":"2022-05-03T11:46:08","date_gmt":"2022-05-03T11:46:08","guid":{"rendered":"https:\/\/www.kunstteatar.hr\/project\/the-good-the-bad-and-the-dead-2-hell\/"},"modified":"2023-11-16T11:41:53","modified_gmt":"2023-11-16T11:41:53","slug":"the-good-the-bad-and-the-dead-2-hell","status":"publish","type":"project","link":"https:\/\/www.kunstteatar.hr\/en\/project\/the-good-the-bad-and-the-dead-2-hell\/","title":{"rendered":"The Good, the Bad and the Dead 2: Hell"},"content":{"rendered":"<p>[et_pb_section fb_built=&#8221;1&#8243; _builder_version=&#8221;4.16&#8243; _module_preset=&#8221;default&#8221; global_colors_info=&#8221;{}&#8221; theme_builder_area=&#8221;post_content&#8221;][et_pb_row use_custom_gutter=&#8221;on&#8221; gutter_width=&#8221;2&#8243; _builder_version=&#8221;4.16&#8243; _module_preset=&#8221;default&#8221; custom_margin=&#8221;||10%||false|false&#8221; global_colors_info=&#8221;{}&#8221; theme_builder_area=&#8221;post_content&#8221;][et_pb_column type=&#8221;4_4&#8243; _builder_version=&#8221;4.16&#8243; _module_preset=&#8221;default&#8221; global_colors_info=&#8221;{}&#8221; theme_builder_area=&#8221;post_content&#8221;][et_pb_post_title meta=&#8221;off&#8221; featured_image=&#8221;off&#8221; _builder_version=&#8221;4.16&#8243; _module_preset=&#8221;default&#8221; global_colors_info=&#8221;{}&#8221; theme_builder_area=&#8221;post_content&#8221;][\/et_pb_post_title][\/et_pb_column][\/et_pb_row][et_pb_row column_structure=&#8221;1_3,1_3,1_3&#8243; use_custom_gutter=&#8221;on&#8221; gutter_width=&#8221;2&#8243; _builder_version=&#8221;4.16&#8243; _module_preset=&#8221;default&#8221; custom_padding=&#8221;0px|||||&#8221; global_colors_info=&#8221;{}&#8221; theme_builder_area=&#8221;post_content&#8221;][et_pb_column type=&#8221;1_3&#8243; _builder_version=&#8221;4.16&#8243; _module_preset=&#8221;default&#8221; global_colors_info=&#8221;{}&#8221; theme_builder_area=&#8221;post_content&#8221;][et_pb_text _builder_version=&#8221;4.17.3&#8243; _module_preset=&#8221;default&#8221; custom_margin=&#8221;5px||||false|false&#8221; global_colors_info=&#8221;{}&#8221; theme_builder_area=&#8221;post_content&#8221;]<\/p>\n<p><span>The play The Good, the Bad and the Dead 2: Hell, written by Pavle Vrkljan, is a direct sequel to the play The Good, the Bad and the Dead, the very first play of KunstTeatar, which follows the last day in the life of the main character Dubravko Ili\u0107, tricked into Hell after his death. The story continues in Hell, where Dubravko Ili\u0107, after being assigned accommodation and a job, tries to find a way to get to Heaven. The topos of Hell is a frequent destination of human imagination throughout numerous artistic periods, with each new staging of this world offering a multitude of recognizable comparative motifs, as well as a place for establishing a different relationship towards death, the only inevitable moment of our life, a moment that Dubravko Ili\u0107 skillfully bypasses and postpones, creating the basic narrative thread of this story.   The hell that Dubravko Ili\u0107 ends up in is comprised of pop-culture patterns recognizable from science fiction films, binary schemes of political divisions, stereotypical representations of family and work relationships, and the categorization of human abilities through statistical questionnaires. Special significance in this construct of Hell is placed on the use of historical and well-known figures who happened to end up in this particular Hell, and encounters with them that would not have been possible in real life. The play can be watched as a stand-alone piece \u2013 familiarity with the first part is an experiential upgrade to the overall experience. Along with the preparation of the play, a two-month KUFERedu dramaturgical workshop was held for students of dramaturgy or recently graduated dramaturgs, in which Anamarija Budimir, Petra Jela\u010da, Emma Kliman, Bla\u017e Ordani\u0107, Petra Ple\u0161e, Mateja Posedi, Filip Ruti\u0107, Vida Zeli\u0107 participated.   <\/span><\/p>\n<p>[\/et_pb_text][\/et_pb_column][et_pb_column type=&#8221;1_3&#8243; _builder_version=&#8221;4.16&#8243; _module_preset=&#8221;default&#8221; global_colors_info=&#8221;{}&#8221; theme_builder_area=&#8221;post_content&#8221;][et_pb_text _builder_version=&#8221;4.19.4&#8243; _module_preset=&#8221;default&#8221; custom_margin=&#8221;5px||||false|false&#8221; hover_enabled=&#8221;0&#8243; global_colors_info=&#8221;{}&#8221; theme_builder_area=&#8221;post_content&#8221; sticky_enabled=&#8221;0&#8243;]<\/p>\n<h6><span>playwright<\/span><\/h6>\n<h5><span>Pavle Vrkljan<\/span><\/h5>\n<p><span>director<\/span><\/p>\n<p><span>Ivan Planini\u0107<\/span><\/p>\n<h6><span>cast<\/span><\/h6>\n<p><span>Matija \u010cigir, Domagoj Jankovi\u0107 and Pavle Vrkljan<\/span><\/p>\n<h6><span>on video projections<\/span><\/h6>\n<h5><span>Iskra Jirsak and Nik\u0161a Marinovi\u0107<\/span><\/h5>\n<h6><span>dramaturge<\/span><\/h6>\n<p><span>Ivan Penovi\u0107<\/span><\/p>\n<h6><span>costume designer and stage designer<\/span><\/h6>\n<h5><span>Katarina Peri\u0107<\/span><\/h5>\n<h6><span>light designer and videographer<\/span><\/h6>\n<h5><span>Ivan Lu\u0161i\u010di\u0107 Liik<\/span><\/h5>\n<h6><span>music<\/span><\/h6>\n<h5><span>Nik\u0161a Marinovi\u0107<\/span><\/h5>\n<h6><span>sound designer<\/span><\/h6>\n<h6><span>Luka Gamulin<\/span><\/h6>\n<h6><span>producer<\/span><\/h6>\n<h5><span>Romana Braj\u0161a<\/span><\/h5>\n<h6><span>production assistants<\/span><\/h6>\n<h5><span>Hana Zrn\u010di\u0107 Dim, Bojan Valenti\u0107<\/span><\/h5>\n<h6><span>light designer<\/span><\/h6>\n<h5><span>Alen Marin<\/span><\/h5>\n<h6><span>design<\/span><\/h6>\n<h5><span>Verlauf<\/span><\/h5>\n<h6><span>photographer<\/span><\/h6>\n<h5><span>Karla Juri\u0107<\/span><\/h5>\n<h6><span>production<\/span><\/h6>\n<h5><span>KUFER Theater Company and KunstTeatar<\/span><\/h5>\n<h6><span>premiere<\/span><\/h6>\n<h5><span>May 8, 2022 <br \/><\/span><\/h5>\n<h6><span>duration<\/span><\/h6>\n<h5><span>80 minutes<\/span><\/h5>\n<p>[\/et_pb_text][\/et_pb_column][et_pb_column type=&#8221;1_3&#8243; _builder_version=&#8221;4.16&#8243; _module_preset=&#8221;default&#8221; global_colors_info=&#8221;{}&#8221; theme_builder_area=&#8221;post_content&#8221;][et_pb_video src=&#8221;https:\/\/www.youtube.com\/watch?v=UgdWZnqZsDI&#8221; _builder_version=&#8221;4.17.4&#8243; _module_preset=&#8221;default&#8221; global_colors_info=&#8221;{}&#8221; theme_builder_area=&#8221;post_content&#8221;][\/et_pb_video][et_pb_gallery gallery_ids=&#8221;1400,1399,1398,1397,1396,1393,1392&#8243; posts_number=&#8221;20&#8243; show_title_and_caption=&#8221;off&#8221; show_pagination=&#8221;off&#8221; _builder_version=&#8221;4.17.3&#8243; _module_preset=&#8221;default&#8221; global_colors_info=&#8221;{}&#8221; theme_builder_area=&#8221;post_content&#8221;][\/et_pb_gallery][\/et_pb_column][\/et_pb_row][\/et_pb_section]<\/p>\n","protected":false},"excerpt":{"rendered":"<p>The play The Good, the Bad and the Dead 2: Hell, written by Pavle Vrkljan, is a direct sequel to the play The Good, the Bad and the Dead, the very first play of KunstTeatar, which follows the last day in the life of the main character Dubravko Ili\u0107, tricked into Hell after his death. [&hellip;]<\/p>\n","protected":false},"author":1,"featured_media":0,"comment_status":"open","ping_status":"closed","template":"","meta":{"_et_pb_use_builder":"on","_et_pb_old_content":"","_et_gb_content_width":"","footnotes":""},"project_category":[],"project_tag":[],"class_list":["post-2682","project","type-project","status-publish","hentry"],"_links":{"self":[{"href":"https:\/\/www.kunstteatar.hr\/en\/wp-json\/wp\/v2\/project\/2682","targetHints":{"allow":["GET"]}}],"collection":[{"href":"https:\/\/www.kunstteatar.hr\/en\/wp-json\/wp\/v2\/project"}],"about":[{"href":"https:\/\/www.kunstteatar.hr\/en\/wp-json\/wp\/v2\/types\/project"}],"author":[{"embeddable":true,"href":"https:\/\/www.kunstteatar.hr\/en\/wp-json\/wp\/v2\/users\/1"}],"replies":[{"embeddable":true,"href":"https:\/\/www.kunstteatar.hr\/en\/wp-json\/wp\/v2\/comments?post=2682"}],"version-history":[{"count":2,"href":"https:\/\/www.kunstteatar.hr\/en\/wp-json\/wp\/v2\/project\/2682\/revisions"}],"predecessor-version":[{"id":2684,"href":"https:\/\/www.kunstteatar.hr\/en\/wp-json\/wp\/v2\/project\/2682\/revisions\/2684"}],"wp:attachment":[{"href":"https:\/\/www.kunstteatar.hr\/en\/wp-json\/wp\/v2\/media?parent=2682"}],"wp:term":[{"taxonomy":"project_category","embeddable":true,"href":"https:\/\/www.kunstteatar.hr\/en\/wp-json\/wp\/v2\/project_category?post=2682"},{"taxonomy":"project_tag","embeddable":true,"href":"https:\/\/www.kunstteatar.hr\/en\/wp-json\/wp\/v2\/project_tag?post=2682"}],"curies":[{"name":"wp","href":"https:\/\/api.w.org\/{rel}","templated":true}]}}

<p>[et_pb_section fb_built=&#8221;1&#8243; _builder_version=&#8221;4.16&#8243; _module_preset=&#8221;default&#8221; global_colors_info=&#8221;{}&#8221; theme_builder_area=&#8221;post_content&#8221;][et_pb_row use_custom_gutter=&#8221;on&#8221; gutter_width=&#8221;2&#8243; _builder_version=&#8221;4.16&#8243; _module_preset=&#8221;default&#8221; custom_margin=&#8221;||10%||false|false&#8221; global_colors_info=&#8221;{}&#8221; theme_builder_area=&#8221;post_content&#8221;][et_pb_column type=&#8221;4_4&#8243; _builder_version=&#8221;4.16&#8243; _module_preset=&#8221;default&#8221; global_colors_info=&#8221;{}&#8221; theme_builder_area=&#8221;post_content&#8221;][et_pb_post_title meta=&#8221;off&#8221; featured_image=&#8221;off&#8221; _builder_version=&#8221;4.16&#8243; _module_preset=&#8221;default&#8221; global_colors_info=&#8221;{}&#8221; theme_builder_area=&#8221;post_content&#8221;][/et_pb_post_title][/et_pb_column][/et_pb_row][et_pb_row column_structure=&#8221;1_3,1_3,1_3&#8243; use_custom_gutter=&#8221;on&#8221; gutter_width=&#8221;2&#8243; _builder_version=&#8221;4.16&#8243; _module_preset=&#8221;default&#8221; custom_padding=&#8221;0px|||||&#8221; global_colors_info=&#8221;{}&#8221; theme_builder_area=&#8221;post_content&#8221;][et_pb_column type=&#8221;1_3&#8243; _builder_version=&#8221;4.16&#8243; _module_preset=&#8221;default&#8221; global_colors_info=&#8221;{}&#8221; theme_builder_area=&#8221;post_content&#8221;][et_pb_text _builder_version=&#8221;4.17.3&#8243; _module_preset=&#8221;default&#8221; custom_margin=&#8221;5px||||false|false&#8221; global_colors_info=&#8221;{}&#8221; theme_builder_area=&#8221;post_content&#8221;]</p>
<p><span>The play The Good, the Bad and the Dead 2: Hell, written by Pavle Vrkljan, is a direct sequel to the play The Good, the Bad and the Dead, the very first play of KunstTeatar, which follows the last day in the life of the main character Dubravko Ilić, tricked into Hell after his death. The story continues in Hell, where Dubravko Ilić, after being assigned accommodation and a job, tries to find a way to get to Heaven. The topos of Hell is a frequent destination of human imagination throughout numerous artistic periods, with each new staging of this world offering a multitude of recognizable comparative motifs, as well as a place for establishing a different relationship towards death, the only inevitable moment of our life, a moment that Dubravko Ilić skillfully bypasses and postpones, creating the basic narrative thread of this story.   The hell that Dubravko Ilić ends up in is comprised of pop-culture patterns recognizable from science fiction films, binary schemes of political divisions, stereotypical representations of family and work relationships, and the categorization of human abilities through statistical questionnaires. Special significance in this construct of Hell is placed on the use of historical and well-known figures who happened to end up in this particular Hell, and encounters with them that would not have been possible in real life. The play can be watched as a stand-alone piece – familiarity with the first part is an experiential upgrade to the overall experience. Along with the preparation of the play, a two-month KUFERedu dramaturgical workshop was held for students of dramaturgy or recently graduated dramaturgs, in which Anamarija Budimir, Petra Jelača, Emma Kliman, Blaž Ordanić, Petra Pleše, Mateja Posedi, Filip Rutić, Vida Zelić participated.   </span></p>
<p>[/et_pb_text][/et_pb_column][et_pb_column type=&#8221;1_3&#8243; _builder_version=&#8221;4.16&#8243; _module_preset=&#8221;default&#8221; global_colors_info=&#8221;{}&#8221; theme_builder_area=&#8221;post_content&#8221;][et_pb_text _builder_version=&#8221;4.19.4&#8243; _module_preset=&#8221;default&#8221; custom_margin=&#8221;5px||||false|false&#8221; hover_enabled=&#8221;0&#8243; global_colors_info=&#8221;{}&#8221; theme_builder_area=&#8221;post_content&#8221; sticky_enabled=&#8221;0&#8243;]</p>
<h6><span>playwright</span></h6>
<h5><span>Pavle Vrkljan</span></h5>
<p><span>director</span></p>
<p><span>Ivan Planinić</span></p>
<h6><span>cast</span></h6>
<p><span>Matija Čigir, Domagoj Janković and Pavle Vrkljan</span></p>
<h6><span>on video projections</span></h6>
<h5><span>Iskra Jirsak and Nikša Marinović</span></h5>
<h6><span>dramaturge</span></h6>
<p><span>Ivan Penović</span></p>
<h6><span>costume designer and stage designer</span></h6>
<h5><span>Katarina Perić</span></h5>
<h6><span>light designer and videographer</span></h6>
<h5><span>Ivan Lušičić Liik</span></h5>
<h6><span>music</span></h6>
<h5><span>Nikša Marinović</span></h5>
<h6><span>sound designer</span></h6>
<h6><span>Luka Gamulin</span></h6>
<h6><span>producer</span></h6>
<h5><span>Romana Brajša</span></h5>
<h6><span>production assistants</span></h6>
<h5><span>Hana Zrnčić Dim, Bojan Valentić</span></h5>
<h6><span>light designer</span></h6>
<h5><span>Alen Marin</span></h5>
<h6><span>design</span></h6>
<h5><span>Verlauf</span></h5>
<h6><span>photographer</span></h6>
<h5><span>Karla Jurić</span></h5>
<h6><span>production</span></h6>
<h5><span>KUFER Theater Company and KunstTeatar</span></h5>
<h6><span>premiere</span></h6>
<h5><span>May 8, 2022 <br /></span></h5>
<h6><span>duration</span></h6>
<h5><span>80 minutes</span></h5>
<p>[/et_pb_text][/et_pb_column][et_pb_column type=&#8221;1_3&#8243; _builder_version=&#8221;4.16&#8243; _module_preset=&#8221;default&#8221; global_colors_info=&#8221;{}&#8221; theme_builder_area=&#8221;post_content&#8221;][et_pb_video src=&#8221;https://www.youtube.com/watch?v=UgdWZnqZsDI&#8221; _builder_version=&#8221;4.17.4&#8243; _module_preset=&#8221;default&#8221; global_colors_info=&#8221;{}&#8221; theme_builder_area=&#8221;post_content&#8221;][/et_pb_video][et_pb_gallery gallery_ids=&#8221;1400,1399,1398,1397,1396,1393,1392&#8243; posts_number=&#8221;20&#8243; show_title_and_caption=&#8221;off&#8221; show_pagination=&#8221;off&#8221; _builder_version=&#8221;4.17.3&#8243; _module_preset=&#8221;default&#8221; global_colors_info=&#8221;{}&#8221; theme_builder_area=&#8221;post_content&#8221;][/et_pb_gallery][/et_pb_column][/et_pb_row][/et_pb_section]</p>

<p>The play The Good, the Bad and the Dead 2: Hell, written by Pavle Vrkljan, is a direct sequel to the play The Good, the Bad and the Dead, the very first play of KunstTeatar, which follows the last day in the life of the main character Dubravko Ilić, tricked into Hell after his death. [&hellip;]</p>
